ppose -y + 3*h + 4745 = 0, -4*h = 5*y - 6*y + r. Is y a composite number?
False
Is 9*65981/4 + (-1938)/(-152) + -13 prime?
True
Suppose o + 231 = -2*j, -5*o = -3*j + 316 + 800. Let k = o - -1634. Is k prime?
True
Let a(f) = 3*f**2 + 3*f - 8. Let u be a(-4). Let t be -3 - ((0 - u) + 4). Suppose 0 = -2*s + 187 - t. Is s prime?
True
Let r(u) = -u**3 - 5*u**2 - 3*u + 4. Let h be r(-4). Suppose -3*n = -3*a + 6, 6*n - 2*n - 2*a + 4 = h. Suppose n = 114*s - 112*s - 2006. Is s a prime number?
False
Suppose -63440 = -5*h - 82*a + 81*a, 3*a - 38076 = -3*h. Is h a composite number?
True
Let j be 25/9 - 10/(-45). Suppose -j*v = -o + 8423, 0 = -2*o - 8. Let s = v + 4036. Is s composite?
True
Let r = 778266 - 455599. Is r prime?
False
Let d = 102 - 95. Suppose k = 4*z + 95, -5*k = -d*k - 5*z + 125. Suppose -80*y = -k*y - 4190. Is y a prime number?
False
Let x be -1602*(14/63)/((-12)/558). Is (4 - (2 - 0)) + (x - 13) a composite number?
True
Let p = 46 + -46. Suppose -n - n - 5*u = -28, p = n - u. Suppose -5*t + 3*t + 5*l = -684, 0 = -n*l - 8. Is t a prime number?
True
Suppose 50*a = 4*u + 45*a - 422908, -3*u = -3*a - 317181. Is u prime?
True
Suppose -13*c - 36 = -16*c. Suppose 8 = 4*w, -w = p + p - c. Suppose -309 = p*o - 1264. Is o composite?
False
Let k = 20988 + -3143. Suppose 3*y + 5*u - k = 0, 0*u - 11886 = -2*y + 2*u. Suppose 2*f + 3*f - y = 0. Is f prime?
False
Let p(f) = 2287*f**2 + 42*f - 110. Is p(3) composite?
False
Let u = -24 - -80. Let k be (55/10)/(2/u). Suppose 479 = 3*c - k. Is c a prime number?
True
Suppose -333589 = -s - 2*b, 3*b = 11*s - 7*s - 1334411. Is s composite?
True
Let o = 3900 - -2140. Let a be (-9 + -1)*(-2)/4. Suppose 0 = -a*v + o + 4725. Is v prime?
True
Let l(b) = 24117*b**2 + 24*b + 71. Is l(4) prime?
True
Is 12/(-18) + 1735225/15 composite?
True
Let d be (-94)/(-6) + 30/(-45). Let x be (-115)/d - 4/(-6) - -3. Is (42/(-3))/(x/94) a composite number?
True
Let z(r) = 189*r**2 - 79*r - 1267. Is z(-18) a prime number?
False
Let f(x) be the first derivative of 1387*x**4/4 + 5*x**3/3 - 3*x**2 + 3*x + 15. Is f(1) prime?
False
Is 57599 - 8/3*(-69)/(-46) prime?
False
Suppose -3*p - 15 = -5*w - 3, 3*w - 5 = 4*p. Is w/(-5)*-5 - -4106 prime?
False
Suppose 0 = -30*f + 32*f - 3*h - 760919, -5*h + 1141312 = 3*f. Is f prime?
False
Let f(n) = 18. Let r(y) = y - 73. Let l(c) = -9*f(c) - 2*r(c). Let j be l(-5). Let q(i) = 23*i**2 - 10*i - 1. Is q(j) a composite number?
False
Suppose 0 = -2*i + 3*x + 29749, 39*i + 2*x = 42*i - 44611. Is i a prime number?
True
Let t = 74 + -72. Suppose t*c = 3*c - 2. Is (c + 0)/(6/3765) a prime number?
False
Suppose 6 = 3*y, -3*y - 438021 = 1431*m - 1434*m. Is m prime?
True
Let c = 18984 + -5057. Is c a composite number?
True
Let j = 131864 + -90047. Is j/8 + (-14)/112 prime?
True
Let j(r) = r**2 - 2*r + 10. Let w be j(4). Suppose c + 76 + w = g, -5*c - 288 = -3*g. Is g a composite number?
True
Let c(w) = -292*w - 2033. Is c(-22) a prime number?
True
Suppose -j - 4*j = -5*v - 20, -8 = -2*v - 2*j. Let u(w) = -17*w + 6971. Is u(v) a composite number?
False
Let u(v) = -99*v + 1. Let w(h) = 15*h - 2. Let a(p) = 3*u(p) + w(p). Let k be -1*(4 - -1) - 0. Is a(k) prime?
False
Let z = 46701 + -29036. Is z composite?
True
Let k = -219 - -216. Is 3 + -2 + ((-4212)/k)/1 a composite number?
True
Let c = -3538 - -5214. Suppose 5*p = -4*g + 4977 + c, -g + 1672 = 3*p. Is g composite?
False
Let g(q) = 250*q**3 + q**2 + 6*q + 8. Let y(f) = 250*f**3 + f**2 + 5*f + 7. Suppose -7*w - 2 - 40 = 0. Let s(r) = w*g(r) + 7*y(r). Is s(1) prime?
True
Let v = -13979 - -28860. Is v prime?
False
Let n(t) = -32*t**2 + 51*t - 132. Let c(d) = -22*d**2 + 34*d - 88. Let b(s) = 7*c(s) - 5*n(s). Is b(11) a prime number?
False
Is (-12 - -13)*18 - -8389 a prime number?
False
Let b = 236 - 91. Is ((-38242)/(-10))/(29/b) prime?
True
Let t = 1661 - 3157. Let i = -4167 - t. Let p = 6474 + i. Is p prime?
True
Is 2 - -1666253 - (216 - 222) composite?
False
Suppose -58*l = -132*l + 98773942. Is l composite?
True
Let w be ((-3)/(-6))/((-7)/(-28)). Let u(c) = c**2 - c - 1. Let l be u(w). Is 670/4*l*6/5 prime?
False
Suppose -127*m = -19*m - 96226164. Is m prime?
False
Let d = 1637360 + -809706. Is d a prime number?
False
Let j be 3520 - (10/(-45) - 6/(-27)). Suppose -r - j = -3*r. Suppose 2*b - 4*g = r, -5*b - 5*g + 5123 = 738. Is b composite?
True
Suppose 4474 = n + 3*q - 588, -2*n - 4*q + 10134 = 0. Is n a prime number?
True
Let v(d) = -d + 10. Let q be v(4). Let u(a) = 2*a**3 - 2*a**2 - 11*a + 20. Let b be u(q). Suppose 0*k + k = b. Is k composite?
True
Suppose 0 = 2*x + 3*f - 2389, -3*x = -6*x - 4*f + 3583. Let n = -708 + x. Is n composite?
True
Let q = 419674 + -185763. Is q a composite number?
False
Let q be 0 - (-11)/((-44)/(-16)). Is (q/6)/((-8)/(-119076)) prime?
True
Let d(x) be the first derivative of -x**2/2 + 7*x + 16. Let o be d(8). Is (o/5)/(4/(-2540)) a composite number?
False
Let i = 11609 + 177728. Is i a composite number?
False
Let o = 373879 - 198037. Suppose 14*x + 4*x = o. Is x composite?
False
Let q = 180 - 183. Is (-15255)/(-6) - (-1)/(-1 - q) a composite number?
False
Suppose -4*u + v = -16, -5*v = 5*u - 62 + 17. Suppose 8719 - 2639 = -u*c. Let t = 2697 + c. Is t a prime number?
True
Suppose -u + 207*z - 204*z = -292451, u - z - 292459 = 0. Is u a composite number?
True
Suppose 0 = -2*c - 33*c + 19496995. Is c a prime number?
True
Suppose 11536606 = 22*r - 9733060. Is r composite?
False
Suppose -172*j = -178*j + 300. Let k(s) = -s**3 + 71*s**2 - 91*s + 123. Is k(j) a prime number?
True
Let c = 17215 + -11461. Suppose -143*r + 113 = -19*r - 1003. Suppose -r*f + c = 5*f. Is f a prime number?
False
Is (321969/(-60))/(3/(-30)*4)*8 composite?
False
Let h = 27964 + 68133. Is h a prime number?
True
Let n be (-224)/42*-9*(-1)/4. Let s(c) = -c**3 + 13*c + 18. Let x be s(n). Suppose x = r - 119. Is r composite?
False
Suppose -2*x + 26 = -4. Let z = x - 13. Suppose t + 2*j = 571, -z*t + j + 613 = -529. Is t prime?
True
Suppose -4*m + 2*m + k + 35 = 0, -m + 22 = 4*k. Let t be 1107/m*6*(0 - 1). Let u = -168 - t. Is u a prime number?
False
Let p = -3115 + 5917. Let m be 1*-2 + p*-2. Let v = -3705 - m. Is v a prime number?
True
Let r = 611 + -282. Let v = -180 + r. Is v composite?
False
Let w(r) = r**3 + 3*r**2 - 4*r + 1. Let j be w(-4). Let y be (j/(-4))/(4/(-48)). Suppose -y*k = -5*k + 370. Is k a prime number?
False
Suppose -18*s + 88 = 4*s. Suppose 0 = -s*v + p + 513, -11*p + 7*p + 657 = 5*v. Is v composite?
True
Let r be 2 - (6 - 7) - 0/(-1). Is r - (5 - (-3 + 1678)) prime?
False
Suppose -256 = 4*y + 4*w - w, -3*y + w - 205 = 0. Let r = y + 67. Suppose r = g - 3*g - 2*z + 962, 1924 = 4*g + 5*z. Is g composite?
True
Suppose 3*r - 10588 = 13391. Let c(d) = -76*d - 10. Let x be c(-10). Let y = x + r. Is y a prime number?
False
Suppose 163 = -p - 334. Let a = p + 576. Is a composite?
False
Let m(z) = -18107*z + 968. Is m(-17) a composite number?
True
Let h be 1*99180 - 11/(22/10). Suppose -h = -13*n + 68382. Is n composite?
False
Suppose -76370 - 76298 - 7342 = -10*w. Is w composite?
False
Let j = 21 - 19. Is (-60)/33 + j + 275979/121 composite?
False
Is 72929/2 + -1 + (-84)/168 a composite number?
True
Let y be (-5044)/6*27/6. Let x = y - -6294. Let t = 5776 - x. Is t composite?
True
Let n(f) = 4*f + 1. Let p(h) = 8*h + 1. Let m(s) = 6*n(s) + 3*p(s). Let j(x) = 2*x - 2. Let d be j(5). Is m(d) a prime number?
False
Let q = -26 + 30. Suppose 3*w - 25740 = r + q*r, 2*r = -5*w + 42900. Suppose -7*d + w = 523. Is d a composite number?
False
Suppose 3*a + 2*c - 4*c + 8 = 0, -a - 1 = -c. Let k be ((-6)/(-9))/(a/(-15381)). Is (-1)/2*-2*k prime?
True
Let q(f) = 18*f + 126. Let u be q(-7). Suppose u = -23*x + 18*x + 111235. Is x a composite number?
False
Let k(r) = 6*r + 3. Let w(o) = o + 1. Let n(a) = k(a) - 2*w(a). Let m be n(1). Suppose -i + 5*i - 586 = m*b, 2*b - 4 = 0. Is i prime?
True
Let v(p) = 293*p**2 - 27*p - 73. Is v(-19) a composite number?
False
Let v = -55842 + 97853. Is v prime?
False
Suppose 6*j - 270181 = 79445. Is j prime?
True
Is (2 + -9 - -16) + 13892 prime?
True
Suppose -47 + 15 = -8*m. Suppose 5*w + 18637 = m*f, -8809 = -2*f + 2*w + 511. Is f a composite number?
False
Let v be 4277 + ((-6)/(-6))/((-2)/8). Let c = v - 2312. Is c compo